(11). Calculate the greatest common factor of 16 and f.
16
Suppose -2*f + 31 + 9 = 0. Let k be ((-75)/9 + -1)*-15. What is the highest common factor of k and f?
20
Let y(g) = -g**3 + 2*g**2 + g. Let c be 0/(-1 + 0)*1. Let i = c + -2. Let q be y(i). Calculate the highest common divisor of q and 21.
7
Suppose 0 = -2*y + 6*y + 4*n - 40, 4*y = 4*n + 32. Calculate the highest common divisor of 81 and y.
9
Suppose -5*k + u = -6, u - 3 = -0*k - 4*k. Let o be (-4 + 1)/(k/(-4)). Let n = 26 - o. Calculate the highest common divisor of 84 and n.
14
Suppose 4 + 64 = 4*u. Let y = 58 + -53. Let c = u - y. Calculate the greatest common factor of 108 and c.
12
Suppose 5*n - 2*a + 3*a = 74, 0 = 4*n - 5*a - 36. Calculate the greatest common factor of n and 70.
14
Suppose -15 = -y + 13. Suppose -4*k + 5*s + 8 - 17 = 0, -15 = -5*k + s. Calculate the highest common divisor of y and k.
4
Suppose 2*a = -2*f + 46, 0 = a - f + 5*f - 29. Calculate the greatest common factor of 147 and a.
21
Suppose 4*j + 1 = 53. Suppose -j + 3 = -d. Suppose -x - 24 = -4*z, 2*x + 14 + d = 4*z. What is the greatest common factor of z and 2?
2
Suppose -5*v - 19 = 2*h, 2*v + 3*v + 25 = 0. Suppose c + h*a = 15, c - 13 = -4*a + 3. What is the greatest common factor of c and 84?
12
Suppose 0 = -2*b + 5 - 3. Suppose -10*v = -5*v - 35. Calculate the greatest common factor of v and b.
1
Suppose -4*p + 2*h = -22, 29 = 5*p - 3*h + 2*h. Calculate the highest common factor of p and 3.
3
Let r(x) = 3*x - 19. Let h be r(18). Suppose -5*g + c = -0*c - 30, 0 = -3*c - 15. Calculate the greatest common factor of g and h.
5
Let j be (-9)/6*4/(-3). Calculate the highest common factor of 2 and j.
2
Suppose -5*b - 5*w = -682 - 303, -6 = -3*w. Calculate the highest common factor of 78 and b.
39
Let f be (6/3)/((-5)/(-35)). Let l = 88 - 60. What is the greatest common factor of f and l?
14
Suppose -35 = -5*w + 25. What is the greatest common divisor of w and 18?
6
Let c be 1/2 - (-6)/4. Suppose -3*r + 31 = -2*j, -16 = -c*r + j + 4. Suppose -3*w + 144 = -w. Calculate the highest common factor of w and r.
9
Suppose 4*a + 1 = 5. Let r be a + -3*6*-5. Let s(q) = -q**3 - 4*q**2 - 3*q + 1. Let p be s(-4). What is the greatest common divisor of r and p?
13
Let m = 97 + -90. Calculate the highest common divisor of 56 and m.
7
Let k(o) = -o + 4. Let h be k(0). Suppose -c = s - 7, c - 6*c + s + 29 = 0. Calculate the highest common divisor of h and c.
2
Suppose 3*w + 5*v = 3*v - 549, 4*w - 2*v + 746 = 0. Let q be w/(-15) - 2/6. Calculate the highest common divisor of 108 and q.
12
Let t(w) = -w**3 + 3*w**2 + 5*w. Let u be t(4). Suppose 4*o - l - u = 0, -2*o + 4*o = l. Suppose 10 = o*p - 6. Calculate the highest common factor of p and 4.
4
Let s be (-6)/(-9) - 7/(-3). Suppose 0 = -s*h - 3*p + 63, p + 3*p = -h + 33. What is the highest common factor of 17 and h?
17
Suppose -2*d - 4*g + 28 = -24, -g = 5*d - 139. Calculate the greatest common divisor of d and 280.
28
Let w = 34 - 29. Calculate the highest common factor of w and 85.
5
Let t(z) = z - 6*z + 0*z - 1. Let i be t(-2). Let n(u) = 98*u**2 + 3*u - 2. Let o be n(1). What is the greatest common factor of i and o?
9
Let g(n) = 9*n**3 + 3*n**2 - n - 2. Let a be g(2). Calculate the greatest common divisor of 32 and a.
16
Let a = -14 + 24. Suppose a = -5*w, 1 = u + 3*w - 2*w. Suppose 0 = 2*r + 5*j - 40 - 2, -4*r + 84 = -j. Calculate the highest common factor of u and r.
3
Let d = 8 - 5. Let m = 7 - -1. Suppose d*s + m = 5*s. What is the highest common factor of 36 and s?
4
Let j = 0 - -6. Let m be (6/5)/((-6)/(-80)). Let g be m*1 + (-2 - -1). What is the highest common divisor of j and g?
3
Suppose -6*a + 5*a - 17 = 0. Let y = 37 + a. What is the highest common divisor of y and 5?
5
Suppose -3 = -0*c - c. Let p be ((-9)/(-4))/(3/8). Calculate the highest common factor of c and p.
3
Let i = -14 - -24. What is the highest common factor of i and 15?
5
Let f = -74 - -119. What is the highest common divisor of 18 and f?
9
Let k = -1 + 4. Let y be (-2)/3*k - -35. Calculate the highest common factor of 3 and y.
3
Suppose -5 - 3 = -4*y. What is the highest common factor of 4 and y?
2
Suppose -2*j + 1 + 5 = 0. Suppose -t + 41 = 5*u - 18, j*u = -4*t + 32. What is the highest common factor of u and 12?
12
Suppose 0*f - 40 = -4*f. Let v(r) = -90*r**3. Suppose 2*m + 0 = -2. Let w be v(m). What is the greatest common factor of f and w?
10
Let q = -19 + 22. Let n = 49 + -16. Calculate the greatest common divisor of q and n.
3
Let y be 32/6 + (-1)/3. Suppose y*t = 13 + 27. What is the highest common factor of 40 and t?
8
Suppose -24 - 21 = -3*t. Let s = t - 6. Suppose 0 = 2*y - 2*r - 90, -3*r + 135 = 3*y - r. Calculate the highest common divisor of s and y.
9
Let q be -10*15/(-6) - 4. Calculate the highest common divisor of 3 and q.
3
Let k = -28 - -41. What is the highest common factor of k and 117?
13
Let c = 342 + -160. What is the greatest common factor of c and 26?
26
Let c be (-40)/(-16)*(-22)/(-5). Calculate the highest common divisor of c and 55.
11
Suppose -342 - 153 = -3*s. Calculate the greatest common divisor of 15 and s.
15
Let p(j) = -j**3 + 13*j**2 - 13*j + 14. Let c be p(12). Let o(q) = -q**3 + 2*q - 3. Let x be o(-3). What is the greatest common factor of x and c?
2
Suppose 2*f - 140 = -8*f. Suppose -3*t = 56 - 434. What is the greatest common divisor of t and f?
14
Suppose -3*u + 99 = 3*w, 26 = 2*u + 4*w - 40. Let c be (76/(-16))/(1/4). Let o = c - -22. What is the highest common factor of u and o?
3
Suppose -k - 2 = 0, 5*p - 3*k - 66 = 5. Let s be (p - 0) + 0/2. Calculate the highest common divisor of s and 13.
13
Suppose -g = 2*g - 42. What is the highest common factor of g and 14?
14
Let y(d) = -9*d + 5. Let k be y(-5). Let w = 26 + -65. Let o be w/(-2) + (-3)/(-6). Calculate the greatest common factor of o and k.
10
Let h(b) = -3 + 13*b - 11 + b**3 - b**2 + 0*b**3 - 10*b**2. Let v be h(10). Calculate the greatest common factor of 64 and v.
16
Let l be (22/3)/((-6)/(-9)). Let c = -17 - -10. Let d = l + c. Calculate the highest common divisor of 36 and d.
4
Let p be 118/6 - 48/(-36). Calculate the greatest common factor of p and 14.
7
Let q(p) = -p**3 + 9*p**2 + 2*p - 16. Let g be q(9). Calculate the highest common divisor of g and 3.
1
Let v(x) = -4*x - 1. Let w be v(-8). What is the highest common factor of w and 248?
31
Let j(b) = -b**3 - 4*b**2 - 4*b + 4. Let s be j(-6). Calculate the greatest common divisor of s and 20.
20
Let l be (-2 - -1) + 6 - 2. Suppose 5*p - l*p = -3*u + 346, -702 = -4*p - u. What is the highest common divisor of p and 16?
16
Let o = -14 - -89. Suppose 4*g = -4*w + 72, -2*w = -g + 6*g - 45. What is the highest common factor of w and o?
15
Suppose -11 = 3*r - 71. What is the highest common factor of r and 15?
5
Let w = 1 + 2. Let f(p) = -p**w - 6*p**2 - p - 2 - 6*p - 1. Let x be f(-5). Calculate the highest common divisor of 63 and x.
7
Let z = -6 + 6. Suppose z = 4*m - 3*m. Suppose m = -2*t - 3*t + 60. Calculate the greatest common factor of t and 132.
12
Suppose 0 = 2*j - 17 - 3. Let v = 32 + -12. Calculate the greatest common divisor of j and v.
10
Suppose -5*b - l + 585 = 0, -b = 2*l - 3*l - 111. Calculate the greatest common divisor of b and 174.
58
Let x be 0 + 28/((-5)/((-10)/4)). Suppose 3*c - 393 = 5*a, 4*a = -c + 8*a + 138. What is the highest common factor of c and x?
14
Let o = 0 + 2. Let h(r) = 4*r**2 - 4*r**o - 10 - 8*r - r + r**2. Let q be h(12). Calculate the highest common factor of q and 39.
13
Let s be ((-76)/6)/(1/(-3)). What is the greatest common divisor of 152 and s?
38
Let o(w) be the first derivative of w**3 - 9*w**2/2 + 3. Let q be o(6). Calculate the highest common divisor of 6 and q.
6
Let x(g) = 14*g**2 - 2*g. Let j be x(2). What is the greatest common divisor of 13 and j?
13
Suppose -2*k + 37 - 3 = 2*p, 0 = -4*p + 16. Suppose -6*l = -2*l - 260. What is the greatest common divisor of k and l?
13
Let o be -1 + 0 - 465/(-15). Calculate the highest common divisor of o and 180.
30
Let w(v) = -v + 10. Let q be 4*4/((-16)/6). Let u be w(q). What is the highest common factor of 112 and u?
16
Suppose 2*c - 4 = -2*p, -2*c - 7 - 7 = -4*p. Suppose o = 7 - p. Suppose 0 = -q - o*q + 30. Calculate the highest common divisor